{"id":77,"date":"2018-11-06T21:06:25","date_gmt":"2018-11-06T21:06:25","guid":{"rendered":"https:\/\/cafnrfaculty.missouri.edu\/sutovskylab\/?page_id=77"},"modified":"2025-01-22T18:54:37","modified_gmt":"2025-01-22T18:54:37","slug":"cv-peter-sutovsky","status":"publish","type":"page","link":"https:\/\/cafnrfaculty.missouri.edu\/sutovskylab\/cv-peter-sutovsky\/","title":{"rendered":"Peter Sutovsky, Ph.D., Dr.h.c."},"content":{"rendered":"<p><strong><u>Education &amp; Positions Held: <\/u><\/strong><\/p>\n<p><strong>M.S. <\/strong>in<strong> Animal Science <\/strong>7\/89; Slovak Agricultural University, Nitra, Czechoslovakia (Slovakia), <em>Magna cum laude<\/em> and Dean\u2019s Award.<\/p>\n<p><strong>PhD<\/strong> in <strong>Physiology of Reproduction<\/strong> 8\/94; Institute of Animal Physiology and Genetics, Czech Academy of Sciences, Libechov, Czech Republic<\/p>\n<p><strong>Postdoctoral Fellow<\/strong> 1994-1997: University of Wisconsin, Madison, WI.<\/p>\n<p><strong>Staff Scientist <\/strong>1997-2001 Oregon Health &amp; Science University, Portland, OR.<\/p>\n<p><strong>Assistant Professor of Animal Science and Clinical Obstetrics &amp; Gynecology<\/strong> 2001-2007 University of Missouri-Columbia<\/p>\n<p><strong>Associate Professor of Animal Science and Clinical Obstetrics &amp; Gynecology<\/strong> 2007-9\/2013 University of Missouri<\/p>\n<p><strong>Professor of Animal Science and Obstetrics, Gynecology &amp; Women\u2019s Health<\/strong> 9\/2013-present University of Missouri<\/p>\n<p><a href=\"https:\/\/cafnrfaculty.missouri.edu\/sutovskylab\/publications\/\"><strong><u>Publications:<\/u><\/strong><\/a><\/p>\n<p>Total of\u00a0<a href=\"https:\/\/cafnrfaculty.missouri.edu\/sutovskylab\/publications\/\">248 publications<\/a>, 11,235 citations in SCOPUS 1992-2025, most cited paper 523 citations (Nature 1999), <em>h<\/em> index = 54. Total of 15,000 citations in Google Scholar, most cited paper 837 citations (Nature 1999), <em>h<\/em> index = 65, i10 index =178.<\/p>\n<p><strong><u>Awards &amp; honors: <\/u><\/strong><\/p>\n<p><strong>2024: <\/strong>Featured in a monograph about 170 Slovak scientist, businessmen and personalities living abroad. <em>Successful Abroad, Unknown at Home, <\/em>published by JOO Media, Slovakia, November 2024.<\/p>\n<p><strong>2023: <\/strong>Editor\u2019s Choice Article selection in <em>Biomolecules<\/em> journal \u00a0<a href=\"https:\/\/doi.org\/10.3390\/biom13060996\">https:\/\/doi.org\/10.3390\/biom13060996<\/a>.<\/p>\n<p><strong>2023: <\/strong>ASAS Phenomics Workshop Speaker, Albuquerque NM.<\/p>\n<p><strong>2022: <\/strong>Rocky Mountain Reproductive Sciences Symposium Keynote Lecturer, Colorado State University, Fort Collins CO<\/p>\n<p><strong>2021: <\/strong>The Arnold Theiler Memorial Lecturer, University of Pretoria, South Africa.<\/p>\n<p><strong>2020: <\/strong>University of Missouri Faculty Author Event honoree (Mitochondrial Inheritance, Springer-Nature 2019).<\/p>\n<p><strong>2020: <\/strong>Mizzou Athletics Classroom Champion honor presented by MU athletic director Jim Stark at Mizzou Arena basketball game January 7, 2020.<\/p>\n<p><strong>2019: <\/strong>Elected Fellow of The American Association for the Advancement of Science (AAAS)<\/p>\n<p><strong>2018: <\/strong>Named Honorary Citizen by major of his native home town of <a href=\"https:\/\/en.wikipedia.org\/wiki\/Beckov_Castle\">Beckov, Slovakia<\/a>.<\/p>\n<p><strong>2017: <\/strong>Honorary Professorship, Universidad Nacional Mayor de San Marcos in Lima, Peru, the oldest University in all of Americas, established in 1551.<\/p>\n<p><strong>2016: <\/strong><em>Professorem Hospitem <\/em><strong>(<\/strong>Guest Lecturer\/Honorary Visiting Professor), Charles University in Prague, Faculty\u00a0 of Medicine Pilsen, Czech Republic.<strong>\u00a0 <\/strong><\/p>\n<p><strong>2015: <\/strong>Fall 2015 Warnick Lecturer, D.H. Barron Reproductive and Perinatal Biology Research Program,\u00a0University of Florida<\/p>\n<p><strong>2015: <\/strong>University of Missouri Chancellor\u2019s Award for Outstanding Research and Creative Activity in the Biological Sciences<\/p>\n<p><strong>2015: <\/strong>Honorary Doctoral Degree <em>(Doctor Honoris Causa),<\/em> Czech University of Life Sciences Prague<\/p>\n<p><strong>2015: <\/strong>Inducted in National Academy of Inventors as a Founding Member of Mizzou Chapter<\/p>\n<p><strong>2011: <\/strong>Chancellor\u2019s Medal in recognition of contributions to the partnership between Czech University of Life Science (CULS), Prague, and CAFNR, University of Missouri, award by Chancellor of CULS<\/p>\n<p><strong>2010: <\/strong>Faculty Entrepreneur of the Year, University of Missouri System<\/p>\n<p><strong>2009: <\/strong>CAFNR Distinguished Researcher Award 2009, College of Agriculture, Food and Natural Resources, University of Missouri<\/p>\n<p><strong>2008:<\/strong> Technology Innovation Award, Oregon Health &amp; Science University<\/p>\n<p><strong>2008: <\/strong>Research article featured in \u201cHighlights\u201d section and on the cover, Journal of Cellular Physiology Vol. 217(2)<\/p>\n<p><strong>2008: <\/strong>Commemorative award at the occasion of 800<sup>th<\/sup> anniversary of founding of Beckov.<\/p>\n<p><strong>2007: <\/strong>Paper of the Week Award, Journal of Biological Chemistry (top 1% of 6,600 papers\/year published in JBC)<\/p>\n<p><strong>2007: <\/strong>Big 12 Raising Star Award, Inaugural Kauffman Foundation Big 12 Innovation and Capital Formation\u00a0 Conference<\/p>\n<p><strong>2006: <\/strong>Best Biological Paper of 2005. Microcopy and Microanalysis. Award presented at Microscopy &amp; Microanalysis 2006 Meeting, Chicago, IL, July 31-August 3, 2006<\/p>\n<p><strong>2006: <\/strong>Selected one of \u201cTwenty Life Science Innovators You Should Know, Who Are Changing our World\u201d at\u00a0 BIO2006, Chicago, IL, a world biotechnology fair, attended by 18,000 participants<\/p>\n<p><strong>2005:<\/strong> Inaugural USDA NRI Discovery Award (Awarded for \u201cimproving fertility in livestock\u201d; PS is the inaugural\u00a0 recipient; one award was selected from among 2,500 active USDA-NRI research projects).<\/p>\n<p><strong>1999: <\/strong>USDA New Investigator Award, U.S. Department of Agriculture<\/p>\n<p><strong>1994:<\/strong> Fogarty International Research Fellow of the NIH<\/p>\n<p><strong>1992:<\/strong> Fellow of the International Center for Students and Scholars (C.I.E.S.), Paris, France<\/p>\n<p><strong><u>Editorial Board Appointments<\/u><\/strong><\/p>\n<p><strong>2019-2022: <\/strong><em>Scientific Reports (Nature)<\/em><\/p>\n<p><strong>2019-present: <\/strong><em>Advances in Anatomy, Embryology and Cell Biology,<\/em> Monograph Series, Springer<strong>, Editor-in-Chief<\/strong><\/p>\n<p><strong>2017-present: <\/strong><em>Acta Fytotechnica et Zootechnica<\/em><\/p>\n<p><strong>2017-present: <\/strong><em>Journal of Microbiology, Biotechnology and Food Sciences<\/em><\/p>\n<p><strong>2015-present: <\/strong><em>Scientia Agriculturae Bohemica<\/em><\/p>\n<p><strong>2014-2018: <\/strong><em>Advances in Anatomy, Embryology and Cell Biology,<\/em> Monograph Series, Springer<strong>, Series Co-Editor<\/strong><\/p>\n<p><strong>2013-2015: <\/strong><em>Biology of Reproduction, <\/em><strong>Board of Reviewing Editors<\/strong><\/p>\n<p><strong>2012-2016: <\/strong><em>Andrology (merger of Int. J. Androl. &amp; J. Androl.)<\/em><\/p>\n<p><strong>2012-2017: <\/strong><em>Spermatogenesis (merged with SBiRM in 2017)<\/em><\/p>\n<p><strong>2010-present: <\/strong><em>Systems Biology in Reproductive Medicine; <\/em><strong>Associate Editor<\/strong><\/p>\n<p><strong>2009-2013: <\/strong><em>Domestic Animal Endocrinology<\/em><\/p>\n<p><strong>2009-present: <\/strong><em>Journal of Assisted Reproduction &amp; Genetics <\/em><\/p>\n<p><strong>2008<\/strong>&#8211;<strong>2017:<\/strong> <em>Slovak Journal of Animal Science<\/em><\/p>\n<p><strong>2007-present: <\/strong><em>Cell &amp; Tissue Research;<\/em><strong> Section Editor for Reproductive Biology<\/strong><\/p>\n<p><strong>2006-2010 <\/strong><em>Systems Biology in Reproductive Medicine <\/em><\/p>\n<p><strong>2005-2008: <\/strong><em>Eurekah Bioscience<\/em> (2005-2007) Landes Bioscience Publishers;<\/p>\n<p><strong><u>Invited Plenary Lectures:<\/u><\/strong><\/p>\n<p><strong>2024: <\/strong>International Embryo Transfer Society (IETS) &#8211; <em>Morulas<\/em> webinar series speaker, November 12, 2024.<\/p>\n<p><strong>2024: <\/strong>Keynote Speaker, 29<sup>th<\/sup> Symposium of Biology and Immunology of Reproduction, October 13-15, 2024, Liblice, Czechia<\/p>\n<p><strong>2024: <\/strong>Lead Lecturer, workshop on \u201cMammalian Gametes: Research and Methodology Advances\u201d, Czech University of Life Sciences (CULS), Prague, Czechia, October 16-18, 2024<\/p>\n<p><strong>2024: <\/strong>29<sup>th<\/sup> NAAB Technical Conference on Artificial Insemination and Reproduction, September 18-20, Madison, WI.<\/p>\n<p><strong>2024: <\/strong>14<sup>th<\/sup> Biennial Conference of the Association for Applied Animal Andrology (4A), Fortaleza, Brazil, July 3-5, 2024.<\/p>\n<p><strong>2023: <\/strong>ASAS-CSAS-WSASAS Annual Meeting, Workshop on the Central Dogma of Phenomics, Albuquerque, New Mexico, July 16-20, 2023<\/p>\n<p><strong>2022:<\/strong> Plenary Speaker, Annual Meeting of the Brazilian Society for Embryo Technology, Foz do Iguacu, Brazil, August 17-20, 2022.<\/p>\n<p><strong>2022:<\/strong> Keynote Speaker: Rocky Mountain Reproductive Sciences Symposium, Colorado State University, Fort Collins CO, April 22, 2022<\/p>\n<p><strong>2021:<\/strong> Virtual Reproductive Biotechnology Diplomate, Faculty of Veterinary Medicine and Animal Sciences, Cayetano Heredia University, Lima, Peru, October-November 2021, multi-lecture course.<\/p>\n<p><strong>2021: <\/strong>The Arnold Theiler Memorial Lecture, University of Pretoria, ZA. October 21, 2021<\/p>\n<p><strong>2021: <\/strong>First National Meeting on Life Sciences, Symposium &#8220;New approaches and biological strategies involved in the conservation of female and male fertility&#8221;. Lima, Peru April 30, 2021.<\/p>\n<p><strong>2019: <\/strong>Symposium Repronutri &#8211; Reproduction, Production and Nutrition of Bovines, September 26&amp;27, 2019, Campo Grande, MS, Brazil.<\/p>\n<p><strong>2019:<\/strong> IX<sup>th<\/sup> International Conference on Boar Semen Preservation, August \u00ad 11-14, 2019, Hunter Valley, Australia<\/p>\n<p><strong>2019: <\/strong>Scientific Days 2019, Czech University of Life Sciences, April 24-26, 2019, Prague, Czech Republic.<\/p>\n<p><strong>\u00a0<\/strong><strong>2018<\/strong>: International Bull Fertility Conference \u2013 Theory to Practice, May 27-30 2018, Westport, North Ireland<\/p>\n<p><strong>2018: <\/strong>44<sup>th<\/sup> International Embryo Technology Society (IETS) Annual Conference, January 14-16, 2018, Bangkok, Thailand<\/p>\n<p><strong>2017: <\/strong>International Conference on Analytical Cytometry, Prague, Czech Republic, October 15-17, 2017<\/p>\n<p><strong>2017: <\/strong>XVI Reunion Cientifica ICBAR \u2013 Latin American science congress organized by Universidad Nacional San\u00a0Marcos, August 9-11, 2017, Lima, Peru<\/p>\n<p><strong>2017: <\/strong>Collaborate for Cure, University of Kansas School of Medicine, Kansa City, July 24, 2017<\/p>\n<p><strong>2017: <\/strong>50<sup>th<\/sup> annual meeting of the Society for the Study of Reproduction, July 14-17, Washington DC<\/p>\n<p><strong>2017: <\/strong>American Society of Animal Science, annual meeting, July 8-12, 2017, Baltimore, MD<\/p>\n<p><strong>2017: <\/strong>XlI International Veterinary Technical Meeting of MAGAPOR, 26-27 April 2016, Zaragoza, SPAIN<\/p>\n<p><strong>2017: <\/strong>XII Congreso Internacional de Reproducci\u00f3n Porcina <em>Dr. Santiago Mart\u00edn Rillo, <\/em>M\u00e9xico \u2013 Le\u00f3n, Guanajuato,\u00a0March 30-31, 2017<\/p>\n<p><strong>2017: <\/strong>43<sup>rd<\/sup> International Embryo Technology Society (IETS) Annual Conference, Morulae Workshop, Austin TX,\u00a0January 13-17, 2017<\/p>\n<p><strong>2016: <\/strong>Ag Innovation Showcase, Donald Danforth Plant Sciences Center, September 12-14, St. Louis MO<\/p>\n<p><strong>2016: <\/strong>Gateway to Parenthood, St. Louis Infertility Awareness 2016, April 30(presented by associate, Dr. Michal Zigo).<\/p>\n<p><strong>2016:<\/strong> Boar Stud Managers\u2019 Conference V, August 3-4, St. Louis MO (presented by grad student Karl Kerns).<\/p>\n<p><strong>2016: <\/strong>11<sup>th<\/sup> International Scientific Conference on Biotechnology and Quality of Raw Materials and\u00a0Foodstuffs, January 27-29, 2016, Star\u00e1 Lesn\u00e1, Slovak Republic.<\/p>\n<p><strong>2015:<\/strong> National Swine Improvement Federation Annual Meeting 2015, December 3&amp;4, Nashville, TN.<\/p>\n<p><strong>2015: <\/strong>Warnick Lecturer, D.H. Barron Reproductive and Perinatal Biology Research Program,\u00a0University of Florida. November 3, 2015<\/p>\n<p><strong>2015: <\/strong>Annual Meeting of the Chilean Society of Reproduction and Development, \u00a0 September 4-7,\u00a02015, Antofagasta, Chile<\/p>\n<p><strong>2015:<\/strong> VIII<sup>th <\/sup>International Conference on Boar Semen Preservation, August 9<sup>th_<\/sup>12<sup>th<\/sup> in Champaign, Illinois<\/p>\n<p><strong>2015: <\/strong>Gordon Research Conference on &#8220;Nanoscale Science and Engineering for Agriculture and Food\u00a0Systems&#8221;, June 7-12, 2015, Bentley University, Waltham, MA<\/p>\n<p><strong>2015: <\/strong>XIX Curso &#8220;Novos Enfoques na Producao e Reproducao de Bovinos\u201d, XIX Course on New Advanced in\u00a0Bovine Production &amp; Reproduction, Uberlandia, Brazil, March 19 &amp; 20, 2015<\/p>\n<p><strong>2014: <\/strong>IV International Scientific-Technical Day on Bovine Reproduction, Congress Palace, Huesca,\u00a0Spain (delivered via videopresentation, scheduling conflict prevented travel to Spain)<\/p>\n<p><strong>2014: <\/strong>Joint Closing &amp; Opening Session, World Congress of Andrology and Applied Animal Andrology\u00a0Symposium, Newcastle, NSW, AUSTRALIA, August 8-15, 2014<\/p>\n<p><strong>2014: <\/strong>USDA Agricultural Outlook Forum, February 20-21, 2014, Crystal City, Virginia (pre-recorded presentation),<\/p>\n<p><strong>2013: <\/strong>3<sup>rd<\/sup> Peruvian Symposium of Animal Reproduction, Lima, Peru, August 13-16, 2013<\/p>\n<p><strong>2013: <\/strong>Pre-Symposium Training Course in Reproductive Biology, 3<sup>rd<\/sup> Peruvian Symposium of Animal Reproduction,\u00a0Lima, Peru, August 13-16, 2013<\/p>\n<p><strong>2013: <\/strong>Triangle Consortium of Reproductive Biology and Molecular Reproduction &amp; Development Conference\u00a0on Model Systems in Reproductive Biology, Duke University, Durham, NC<\/p>\n<p><strong>2012: <\/strong>International Symposium on the Mechanisms of Sexual Reproduction in Animals and Plants,\u00a0Nagoya, Japan, November 12-16, 2012<\/p>\n<p><strong>2012:<\/strong> Asian Productivity Organization (APO) Workshop on Nanotechnology Applications for Boosting Agricultural\u00a0Productivity, Yilan, Taiwan, R.O.C., September 3-7, 2012 (Invited speaker &amp; facilitator\/resource person)<\/p>\n<p><strong>2012: <\/strong>8<sup>th<\/sup> Biannual Meeting of the Association for Applied Animal Andrology (AAAA), July 28 &amp; 29, 2012,Vancouver, BC, CANADA<\/p>\n<p><strong>2011: <\/strong>4<sup>th<\/sup> Annual Symposium of R\u00e9seau Q\u00e9be\u00e7ois en Reproduction, Montreal, November 15 &amp;16, 2011<\/p>\n<p><strong>2011:<\/strong> From Researcher to User &#8211; Workshop on Knowledge Transfer, R\u00e9seau Q\u00e9be\u00e7ois en Reproduction, Montreal,\u00a0November 14, 2011<\/p>\n<p><strong>2011: <\/strong>Reproductive Strategies in Beef Cattle, Joplin, MO, August 31-September 1, 2011<\/p>\n<p><strong>2011: <\/strong>Kansas City Animal Health Investment Forum, August 29-30, 2011<\/p>\n<p><strong>2011: <\/strong>International Symposium on Animal Reproduction and Genetics, Lima, Peru, August 18, 2011<\/p>\n<p><strong>2011: <\/strong>Animal Physiology 2011, Mojmirovce, Slovakia, June 1&amp;2, 2011<\/p>\n<p><strong>2010: \u00a0<\/strong>8<sup>th<\/sup> International Ruminant Reproduction Symposium, September 3-7, 2010, Anchorage, Alaska<\/p>\n<p><strong>2010: <\/strong>16th <u>E<\/u>uropean Workshop on the Molecular and Cellular Endocrinology of the <u>T<\/u>estis (ETW), May\u00a08-12, 2010, Elba Island, ITALY<\/p>\n<p><strong>2010: <\/strong>Missouri Life Sciences Summit, March 7-9, 2010, Kansas City, MO<\/p>\n<p><strong>2009: <\/strong>XXX Annual ANAPORC Symposium, October 27-29, 2009, Segovia, SPAIN<\/p>\n<p><strong>2009: <\/strong>14<sup>th<\/sup> Latin American Congress of Buiatrics, September 15-17, Lima, Peru<\/p>\n<p><strong>2009: <\/strong>International Conference on Pig Reproduction, June 1-3, 2009, Banff, CANADA<\/p>\n<p><strong>2009: <\/strong>Bio-immunoregulatory Mechanisms Associated with Reproductive Organs: Relevance in Fertility and in<\/p>\n<p>Sexually Transmitted Infections, National Institute of Immunology, New Delhi, INDIA, February 9-13, 2009<\/p>\n<p><strong>2008: <\/strong>IV International Campus Course on Diagnostic, Therapeutic and Preservation Techniques in Reproduction:<\/p>\n<p>Applying to South American Camelids, Lima Peru, December 15-20, 2008<\/p>\n<p><strong>2008: <\/strong>National Association of Animal Breeders (NAAB) Technical Conference 2008, Milwaukee, WI, September\u00a018-19, 2008<\/p>\n<p><strong>2008: <\/strong>Midwest Boar Stud Managers Conference III, St. Louis, MO August 7-8, 2008<\/p>\n<p><strong>2008: <\/strong>Invited Plenary Speaker, Association for Applied Animal Andrology (AAAA) Meeting, Budapest,\u00a0HUNGARY, July 12-13, 2008.<\/p>\n<p><strong>2008: <\/strong>Invited Plenary Speaker, Central States Microscopy and Microanalysis Society Meeting, April 25, 2008<\/p>\n<p><strong>2008: <\/strong>Invited Plenary Speaker, Life Sciences Week Entrepreneurship Workshop, Missouri Life Sciences Week\u00a02008, Columbia, MO<\/p>\n<p><strong>2008: <\/strong>Billy N. Day Appreciation Club Speaker, Billy N. Day Symposium, March 18, 2008, Des Moines, IA<\/p>\n<p><strong>2007: <\/strong>Gordon Research Conference on Fertilization and the Activation of Development, Holderness School,\u00a0Plymouth, NH, July 15-20, 2007<\/p>\n<p><strong>2006: <\/strong>Nordic Association for Andrology (NAFA) Meeting 2006, Stockholm, Sweden<\/p>\n<p><strong>2006: <\/strong>BIO2006, Chicago, IL, April 9-12, 2006<\/p>\n<p><strong>2006: <\/strong>Invited Plenary Speaker, 39<sup>th<\/sup> Annual Meeting of the Society for the Study of Reproduction, Omaha, \u00a0 Nebraska; Minisymposium <em>\u201cUsing Domestic Livestock as Models to Understand Reproductive Function.\u201d<\/em><\/p>\n<p><strong>2006: <\/strong>Invited Plenary Speaker, International Symposium on Gamete Research, February 22-26, 2006, New Delhi, India<\/p>\n<p><strong>2005: <\/strong>Invited Plenary Speaker, Pig Transgenesis and Cloning Symposium, Chungnam Natl. University, South Korea<\/p>\n<p><strong>2004: <\/strong>Invited Plenary Speaker, International Symposium on Gametogenesis and Fertilization Signaling, November \u00a0 15-16, 2004, Kobe University, Japan.<\/p>\n<p><strong>2004: <\/strong>Invited Plenary Speaker, The Fourth International Symposium on the Molecular and Cell Biology of Egg- and Embryo-Coats (MCBEEC), November 8-12, 2004, Ise-Shima, Japan<\/p>\n<p><strong>2004:<\/strong> Invited lecturer, SERONO Symposium \u201cAndrology and the Andrologist in the Post-Assisted Reproduction \u00a0\u00a0\u00a0\u00a0\u00a0\u00a0\u00a0\u00a0\u00a0\u00a0\u00a0 Technology Era,\u201d Buenos Aires, Argentina.<\/p>\n<p><strong>2004:<\/strong> Invited Plenary Speaker, European Congress of Reproductive Immunology, Plzen, Czech Republic<\/p>\n<p><strong>2003: <\/strong>Invited Plenary Speaker, Biology of Spermatozoa Meeting, University of Sheffield, UK.<\/p>\n<p><strong>2003:<\/strong> Invited Plenary Speaker, 19<sup>th<\/sup> Annual Meeting of the European Society for Human Reproduction and Embryology (ESHRE), Madrid, Spain<\/p>\n","protected":false},"excerpt":{"rendered":"<p>Education &amp; Positions Held: M.S. in Animal Science 7\/89; Slovak Agricultural University, Nitra, Czechoslovakia (Slovakia), Magna cum laude and Dean\u2019s Award. PhD in Physiology of Reproduction 8\/94; Institute of Animal Physiology and Genetics, Czech Academy of Sciences, Libechov, Czech Republic Postdoctoral Fellow 1994-1997: University of Wisconsin, Madison, WI. Staff Scientist 1997-2001 Oregon Health &amp; Science [&hellip;]<\/p>\n","protected":false},"author":23,"featured_media":86,"parent":0,"menu_order":0,"comment_status":"closed","ping_status":"closed","template":"","meta":{"footnotes":""},"class_list":["post-77","page","type-page","status-publish","has-post-thumbnail","hentry"],"_links":{"self":[{"href":"https:\/\/cafnrfaculty.missouri.edu\/sutovskylab\/wp-json\/wp\/v2\/pages\/77","targetHints":{"allow":["GET"]}}],"collection":[{"href":"https:\/\/cafnrfaculty.missouri.edu\/sutovskylab\/wp-json\/wp\/v2\/pages"}],"about":[{"href":"https:\/\/cafnrfaculty.missouri.edu\/sutovskylab\/wp-json\/wp\/v2\/types\/page"}],"author":[{"embeddable":true,"href":"https:\/\/cafnrfaculty.missouri.edu\/sutovskylab\/wp-json\/wp\/v2\/users\/23"}],"replies":[{"embeddable":true,"href":"https:\/\/cafnrfaculty.missouri.edu\/sutovskylab\/wp-json\/wp\/v2\/comments?post=77"}],"version-history":[{"count":32,"href":"https:\/\/cafnrfaculty.missouri.edu\/sutovskylab\/wp-json\/wp\/v2\/pages\/77\/revisions"}],"predecessor-version":[{"id":587,"href":"https:\/\/cafnrfaculty.missouri.edu\/sutovskylab\/wp-json\/wp\/v2\/pages\/77\/revisions\/587"}],"wp:featuredmedia":[{"embeddable":true,"href":"https:\/\/cafnrfaculty.missouri.edu\/sutovskylab\/wp-json\/wp\/v2\/media\/86"}],"wp:attachment":[{"href":"https:\/\/cafnrfaculty.missouri.edu\/sutovskylab\/wp-json\/wp\/v2\/media?parent=77"}],"curies":[{"name":"wp","href":"https:\/\/api.w.org\/{rel}","templated":true}]}}